{"id":3652,"date":"2017-09-15T10:14:14","date_gmt":"2017-09-15T08:14:14","guid":{"rendered":"http:\/\/www.bahnmedien.at\/new_2017-08-09\/?post_type=product&#038;p=3652"},"modified":"2025-04-27T10:24:54","modified_gmt":"2025-04-27T08:24:54","slug":"schmalspur-gueterzugverkehrin-oesterreich-ab-1978","status":"publish","type":"product","link":"https:\/\/www.bahnmedien.at\/new_2017-08-09\/produkt\/schmalspur-gueterzugverkehrin-oesterreich-ab-1978\/","title":{"rendered":"Schmalspur-G\u00fcterverkehr<br>in \u00d6sterreich ab 1977"},"content":{"rendered":"<p>Dieser Band ist leider <strong>vergriffen<\/strong>. Ein Nachdruck ist nicht geplant.<\/p>\n<p><strong>Werner Hardmeier<\/strong>, Pr\u00e4sident der Schweizerischen Gesellschaft f\u00fcr Eisenbahngeschichte (SGEG), unternahm ab den Siebzigerjahren des vorigen Jahrhunderts zahlreiche Reisen nach \u00d6sterreich. Speziell zu den Schmalspurbahnen zog es ihn immer wieder hin. Ob es die f\u00fcr ihn nahe Bregenzerwaldbahn war oder die doch recht weit entfernten Strecken im Waldviertel \u2013 fast \u00fcberall entstanden Fotos, die heute bereits historisch sind.<\/p>\n<p>Dieser von Werner Hardmeier erstellte Bildband enth\u00e4lt typische Aufnahmen von Z\u00fcgen mit G\u00fcterbef\u00f6rderung auf \u00f6sterreichischen Schmalspurstrecken. G\u00fcterz\u00fcge, aber auch solche, die Personenwagen mitf\u00fchrten (GmP), konnte er unter anderem auf der Mariazellerbahn, der Murtalbahn, der Ybbstalbahn, auf der Strecke nach Gresten und im Waldviertel fotografieren. Aus der Vielzahl an vorhandenen Bildern von Werner Hardmeier wurde ein repr\u00e4sentativer Querschnitt ausgew\u00e4hlt.<\/p>\n<p>96 Seiten im Format 240 x 205 mm enthalten 90 gro\u00dfformatige Farbfotos.<\/p>\n<p><iframe scrolling=no width=\"100%\" onload=\"this.style.height=this.contentDocument.body.scrollHeight +'px';\" src=\"https:\/\/www.bahnmedien.at\/new_2017-08-09\/anhang.html\" seamless><\/iframe><\/p>\n","protected":false},"excerpt":{"rendered":"<p>Schmalspur-G\u00fcterverkehr in \u00d6sterreich ab 1977<br \/>\nErscheinungsjahr: 2019<\/p>\n<p><strong>Autor:<\/strong> Werner Hardmeier<\/p>\n","protected":false},"featured_media":3726,"template":"","meta":{"_acf_changed":false,"kt_blocks_editor_width":""},"product_brand":[],"product_cat":[32],"product_tag":[],"class_list":{"0":"post-3652","1":"product","2":"type-product","3":"status-publish","4":"has-post-thumbnail","6":"product_cat-vergriffen","8":"first","9":"outofstock","10":"taxable","11":"shipping-taxable","12":"purchasable","13":"product-type-simple"},"acf":[],"post_mailing_queue_ids":[],"_links":{"self":[{"href":"https:\/\/www.bahnmedien.at\/new_2017-08-09\/wp-json\/wp\/v2\/product\/3652","targetHints":{"allow":["GET"]}}],"collection":[{"href":"https:\/\/www.bahnmedien.at\/new_2017-08-09\/wp-json\/wp\/v2\/product"}],"about":[{"href":"https:\/\/www.bahnmedien.at\/new_2017-08-09\/wp-json\/wp\/v2\/types\/product"}],"wp:featuredmedia":[{"embeddable":true,"href":"https:\/\/www.bahnmedien.at\/new_2017-08-09\/wp-json\/wp\/v2\/media\/3726"}],"wp:attachment":[{"href":"https:\/\/www.bahnmedien.at\/new_2017-08-09\/wp-json\/wp\/v2\/media?parent=3652"}],"wp:term":[{"taxonomy":"product_brand","embeddable":true,"href":"https:\/\/www.bahnmedien.at\/new_2017-08-09\/wp-json\/wp\/v2\/product_brand?post=3652"},{"taxonomy":"product_cat","embeddable":true,"href":"https:\/\/www.bahnmedien.at\/new_2017-08-09\/wp-json\/wp\/v2\/product_cat?post=3652"},{"taxonomy":"product_tag","embeddable":true,"href":"https:\/\/www.bahnmedien.at\/new_2017-08-09\/wp-json\/wp\/v2\/product_tag?post=3652"}],"curies":[{"name":"wp","href":"https:\/\/api.w.org\/{rel}","templated":true}]}}