{"id":23845,"date":"2026-04-26T17:14:30","date_gmt":"2026-04-26T15:14:30","guid":{"rendered":"https:\/\/www.bahnmedien.at\/new_2017-08-09\/?post_type=product&#038;p=23845"},"modified":"2026-04-29T16:58:09","modified_gmt":"2026-04-29T14:58:09","slug":"traktionswandel-am-semmering","status":"publish","type":"product","link":"https:\/\/www.bahnmedien.at\/new_2017-08-09\/produkt\/traktionswandel-am-semmering\/","title":{"rendered":"Traktionswandel am Semmering"},"content":{"rendered":"<p>Zwischen Mitte der 1950er und Mitte der 1960er Jahre wandelte sich die Traktion auf der Semmering-Strecke grundlegend. In diesem Jahrzehnt verschwanden die Dampfloks, verkehrten erstmals dieselgetriebene Triebwagenschnellz\u00fcge, wurden Dieselloks im Fern- und Nahverkehr eingesetzt.<br \/>\nDie Verlegung der elektrischen Fahrleitung \u201e\u00fcber den Berg\u201c markierte den Beginn des elektrischen Zeitalters auf der Strecke, auf der fortan moderne Lokomotiven und Triebwagen verkehrten.<\/p>\n<p>Unser Bilderreigen beginnt mit Aufnahmen von Dampfloks. Die Verdieselung wird durch die Reihen 5045\/5145 und 5046 dokumentiert. Dieselloks der Reihe 2045 verkehrten damals ebenfalls am Semmering sowie die 2020.01.<\/p>\n<p>Nach der Er\u00f6ffnung des E-Betriebes standen vor allem Loks der Reihen 1041, 1141, 1010, 1110 und 1042 als Zugloks zur Verf\u00fcgung. Auch Triebwagen Reihe 4061 wurden am Berg eingesetzt, w\u00e4hrend 4030er nur bis Payerbach-Reichenau verkehrten.<\/p>\n<p>120 Seiten im Format 240 x 205 mm enthalten 116 SW-Aufnahmen.<\/p>\n<p><iframe scrolling=no width=\"100%\" onload=\"this.style.height=this.contentDocument.body.scrollHeight +'px';\" src=\"https:\/\/www.bahnmedien.at\/new_2017-08-09\/anhang.html\" seamless><\/iframe><\/p>\n","protected":false},"excerpt":{"rendered":"<p>Erscheinungsjahr: 2026<br \/>\n<strong>Autoren:<\/strong> Johann Blieberger, Josef Pospichal<\/p>\n","protected":false},"featured_media":23778,"template":"","meta":{"_acf_changed":false,"kt_blocks_editor_width":""},"product_brand":[],"product_cat":[29,26],"product_tag":[],"class_list":{"0":"post-23845","1":"product","2":"type-product","3":"status-publish","4":"has-post-thumbnail","6":"product_cat-bildband","7":"product_cat-streckenbiografie","9":"first","10":"outofstock","11":"featured","12":"taxable","13":"shipping-taxable","14":"purchasable","15":"product-type-simple"},"acf":[],"post_mailing_queue_ids":[],"_links":{"self":[{"href":"https:\/\/www.bahnmedien.at\/new_2017-08-09\/wp-json\/wp\/v2\/product\/23845","targetHints":{"allow":["GET"]}}],"collection":[{"href":"https:\/\/www.bahnmedien.at\/new_2017-08-09\/wp-json\/wp\/v2\/product"}],"about":[{"href":"https:\/\/www.bahnmedien.at\/new_2017-08-09\/wp-json\/wp\/v2\/types\/product"}],"wp:featuredmedia":[{"embeddable":true,"href":"https:\/\/www.bahnmedien.at\/new_2017-08-09\/wp-json\/wp\/v2\/media\/23778"}],"wp:attachment":[{"href":"https:\/\/www.bahnmedien.at\/new_2017-08-09\/wp-json\/wp\/v2\/media?parent=23845"}],"wp:term":[{"taxonomy":"product_brand","embeddable":true,"href":"https:\/\/www.bahnmedien.at\/new_2017-08-09\/wp-json\/wp\/v2\/product_brand?post=23845"},{"taxonomy":"product_cat","embeddable":true,"href":"https:\/\/www.bahnmedien.at\/new_2017-08-09\/wp-json\/wp\/v2\/product_cat?post=23845"},{"taxonomy":"product_tag","embeddable":true,"href":"https:\/\/www.bahnmedien.at\/new_2017-08-09\/wp-json\/wp\/v2\/product_tag?post=23845"}],"curies":[{"name":"wp","href":"https:\/\/api.w.org\/{rel}","templated":true}]}}

<p>Zwischen Mitte der 1950er und Mitte der 1960er Jahre wandelte sich die Traktion auf der Semmering-Strecke grundlegend. In diesem Jahrzehnt verschwanden die Dampfloks, verkehrten erstmals dieselgetriebene Triebwagenschnellzüge, wurden Dieselloks im Fern- und Nahverkehr eingesetzt.<br />
Die Verlegung der elektrischen Fahrleitung „über den Berg“ markierte den Beginn des elektrischen Zeitalters auf der Strecke, auf der fortan moderne Lokomotiven und Triebwagen verkehrten.</p>
<p>Unser Bilderreigen beginnt mit Aufnahmen von Dampfloks. Die Verdieselung wird durch die Reihen 5045/5145 und 5046 dokumentiert. Dieselloks der Reihe 2045 verkehrten damals ebenfalls am Semmering sowie die 2020.01.</p>
<p>Nach der Eröffnung des E-Betriebes standen vor allem Loks der Reihen 1041, 1141, 1010, 1110 und 1042 als Zugloks zur Verfügung. Auch Triebwagen Reihe 4061 wurden am Berg eingesetzt, während 4030er nur bis Payerbach-Reichenau verkehrten.</p>
<p>120 Seiten im Format 240 x 205 mm enthalten 116 SW-Aufnahmen.</p>
<p><iframe scrolling=no width="100%" onload="this.style.height=this.contentDocument.body.scrollHeight +'px';" src="https://www.bahnmedien.at/new_2017-08-09/anhang.html" seamless></iframe></p>
