{"id":222,"date":"2017-08-11T17:29:15","date_gmt":"2017-08-11T15:29:15","guid":{"rendered":"http:\/\/www.bahnmedien.at\/new_2017-08-09\/?post_type=product&#038;p=222"},"modified":"2025-12-05T17:02:40","modified_gmt":"2025-12-05T16:02:40","slug":"auf-den-spuren-von-franz-kraus-wiener-strassenbahn-um-1950","status":"publish","type":"product","link":"https:\/\/www.bahnmedien.at\/new_2017-08-09\/produkt\/auf-den-spuren-von-franz-kraus-wiener-strassenbahn-um-1950\/","title":{"rendered":"Auf den Spuren von Franz Kraus, Wiener Stra\u00dfen&shy;bahn um 1950"},"content":{"rendered":"<h4>Franz Kraus und die Wiener Stra\u00dfenbahn<\/h4>\n<p>Auch der sechste Band von bahnmedien.at\/bild widmet sich dem reichhaltigen fotografischen Erbe von Franz Kraus (1901\u20131996). Franz Kraus hat in der Zeit vom Ende des Zweiten Weltkriegs bis etwa 1958 Negative in den Formaten 6 x 9 und 4,5 x 6 hinterlassen, bevor er zum Kleinbildformat \u00fcberging. Oftmals sind Aufnahmen zu einem Zeitpunkt entstanden, zu welchem kaum jemand anderer fotografierte oder von wo \u00fcberhaupt kein anderes Bildmaterial bekannt ist.<br \/>\nFranz Kraus ging in Wien meist zu Fu\u00df. Auf diesen Wegen entstanden so nebenbei auch etliche Stra\u00dfenbahnfotos. Aber er fotografierte nicht nur zuf\u00e4llig beliebig vorbeifahrende Stra\u00dfenbahnz\u00fcge, sondern hatte meist auch Informationen, auf welchen Linien und zu welchen Zeiten ganz spezielle Stra\u00dfenbahngarnituren unterwegs waren. So entstanden Fotos von Zugzusammenstellungen oder Linieneins\u00e4tzen, die es sp\u00e4ter nie wieder gab. Speziell verwiesen sei hier auf Z\u00fcge der Linie 36 mit Triebwagen der Type B und k<sub>6<\/sub>-Beiwagen, auf die einzige bekannte Aufnahme der Linie 37\/40, auf interessante Garnituren der Linie 106, vor allem aber auf Nachkriegsaufnahmen, die Arbeitstriebwagen zeigen, die im Liniendienst Personenbeiwagen ziehen. Auf vielen dieser Fotos ist auch das Umfeld bemerkenswert, die Kriegsruinen, die gepflasterten Stra\u00dfen und der \u00e4u\u00dferst geringe motorisierte Individualverkehr. Zahlreiche \u00d6rtlichkeiten sind heute nicht wieder zu erkennen und die fehlende schriftliche Dokumentation des Bilderschatzes verursachte mitunter auch einiges Kopfzerbrechen bei der Identifikation der Fotostellen. Umso interessanter erscheint dieser Band daher nicht nur f\u00fcr ausgewiesene Stra\u00dfenbahnfreunde, sondern auch f\u00fcr alle an der Wiener Stadtgeschichte interessierte.<\/p>\n<p>&nbsp;<\/p>\n<h4>Das Buch<\/h4>\n<p>Bei der Zusammenstellung dieses Buches wurde wieder gro\u00dfer Wert darauf gelegt, eine Vielzahl bisher unver\u00f6ffentlichter Fotografien zu pr\u00e4sentieren. Die Negative, die nicht immer in einem optimalen Zustand erhalten sind, wurden einer umfassenden digitalen Restaurierung unterzogen.<br \/>\nDas Buch hat einen Umfang von 144 Seiten im Format 240 x 205\u00a0mm und enth\u00e4lt 140 gro\u00dfformatige Schwarzwei\u00df-Fotografien. Es ist zum Preis von EUR 29,90 (Deutschland: EUR 31,90) hier online zu bestellen oder bei unseren Vertriebspartnern im Buchhandel erh\u00e4ltlich.<\/p>\n<p><iframe scrolling=no width=\"100%\" onload=\"this.style.height=this.contentDocument.body.scrollHeight +'px';\" src=\"https:\/\/www.bahnmedien.at\/new_2017-08-09\/anhang.html\" seamless><\/iframe><\/p>\n","protected":false},"excerpt":{"rendered":"<p>Auf den Spuren von Franz Kraus, Wiener Stra\u00dfenbahn um 1950<\/p>\n<p>Erscheinungsjahr: 2017<\/p>\n<p><strong>Autor:<\/strong> <a href=\"http:\/\/www.bahnmedien.at\/new_2017-08-09\/unsere-autoren\/josef-pospichal\/\">Josef Pospichal<\/a><\/p>\n","protected":false},"featured_media":223,"template":"","meta":{"_acf_changed":false,"kt_blocks_editor_width":""},"product_brand":[],"product_cat":[29,25],"product_tag":[],"class_list":{"0":"post-222","1":"product","2":"type-product","3":"status-publish","4":"has-post-thumbnail","6":"product_cat-bildband","7":"product_cat-strassenbahn","9":"first","10":"instock","11":"taxable","12":"shipping-taxable","13":"purchasable","14":"product-type-simple"},"acf":[],"post_mailing_queue_ids":[],"_links":{"self":[{"href":"https:\/\/www.bahnmedien.at\/new_2017-08-09\/wp-json\/wp\/v2\/product\/222","targetHints":{"allow":["GET"]}}],"collection":[{"href":"https:\/\/www.bahnmedien.at\/new_2017-08-09\/wp-json\/wp\/v2\/product"}],"about":[{"href":"https:\/\/www.bahnmedien.at\/new_2017-08-09\/wp-json\/wp\/v2\/types\/product"}],"wp:featuredmedia":[{"embeddable":true,"href":"https:\/\/www.bahnmedien.at\/new_2017-08-09\/wp-json\/wp\/v2\/media\/223"}],"wp:attachment":[{"href":"https:\/\/www.bahnmedien.at\/new_2017-08-09\/wp-json\/wp\/v2\/media?parent=222"}],"wp:term":[{"taxonomy":"product_brand","embeddable":true,"href":"https:\/\/www.bahnmedien.at\/new_2017-08-09\/wp-json\/wp\/v2\/product_brand?post=222"},{"taxonomy":"product_cat","embeddable":true,"href":"https:\/\/www.bahnmedien.at\/new_2017-08-09\/wp-json\/wp\/v2\/product_cat?post=222"},{"taxonomy":"product_tag","embeddable":true,"href":"https:\/\/www.bahnmedien.at\/new_2017-08-09\/wp-json\/wp\/v2\/product_tag?post=222"}],"curies":[{"name":"wp","href":"https:\/\/api.w.org\/{rel}","templated":true}]}}