{"id":187,"date":"2017-08-10T13:45:21","date_gmt":"2017-08-10T11:45:21","guid":{"rendered":"http:\/\/www.bahnmedien.at\/new_2017-08-09\/?post_type=product&#038;p=187"},"modified":"2026-01-15T13:04:01","modified_gmt":"2026-01-15T12:04:01","slug":"die-lokomotivfabriken-des-georg-sigl-dvd","status":"publish","type":"product","link":"https:\/\/www.bahnmedien.at\/new_2017-08-09\/produkt\/die-lokomotivfabriken-des-georg-sigl-dvd\/","title":{"rendered":"Die Lokomotiv&shy;fabriken des Georg Sigl &#8211; DVD"},"content":{"rendered":"<h4>Das Buch<\/h4>\n<p>Georg Sigls Lokomotivfabrik in Wiener Neustadt war nicht nur die gr\u00f6\u00dfte und bedeutendste Lokomotivfabrik der \u00f6sterreichisch-ungarischen Monarchie, sondern spielte auch in der Lokomotivgeschichte eine entscheidende Rolle. Das Buch \u201eDie Lokomotivfabriken des Georg Sigl\u201c behandelt aber in erster Linie nicht die Geschichte von Sigls Lokomotivfabriken in Wien und Wiener Neustadt, sondern legt den Schwerpunkt auf den Lebenslauf s\u00e4mtlicher Maschinen, die unter Sigl sowie seinem Rechtsvorg\u00e4nger und -nachfolger gebaut wurden. Dabei haben die Autoren nicht nur aus den schon bisher bekannten Lieferlisten, sondern aus allen verf\u00fcgbaren Aufzeichnungen den Lebenslauf jeder einzelnen Lokomotive detailreich rekonstruiert. Als die Autoren S\u00e1ndor T\u00f3th, Gy\u00f6rgy Vill\u00e1nyi und Attila Kirchner mit ihrem Werk, das sie bereits in ungarischer Sprache ver\u00f6ffentlicht hatten, an bahnmedien.at herantraten und anfragten, ob Interesse an einer deutschsprachigen Ver\u00f6ffentlichung bestehe, stie\u00dfen sie erwartungsgem\u00e4\u00df auf positives Echo: Ein gleichartiges Konzept verfolgte bahnmedien.at bereits mit der erfolgreichen Enzyklop\u00e4die der kkStB-Triebfahrzeuge und der laufenden Serie \u00fcber die Dampftriebfahrzeuge der \u00d6BB. Eine solche Ver\u00f6ffentlichung w\u00fcrde daher hervorragend ins Verlagsprogramm passen. In der \u00dcbersetzung von Sebastian Erben, versehen mit zahlreichen Erg\u00e4nzungen und neu erschlossenen Fakten sowie reichhaltig illustriert, erscheint das vorliegende Werk nun im bew\u00e4hrten bahnmedien.at-Layout erstmals in deutscher Sprache. Das Buch hat einen Umfang von 368 Seiten im Format 280 x 215 mm und enth\u00e4lt umfangreiches Statistikmaterial sowie 114 Abbildungen. Es ist zum Preis von EUR 59,00 (Deutschland: EUR 63,00) hier online zu bestellen oder bei unseren Vertriebspartnern im Buchhandel erh\u00e4ltlich. Eine <em>Leseprobe<\/em> (pdf-Format) steht Ihnen <a href=\"http:\/\/www.bahnmedien.at\/files\/sigl_leseprobe.pdf\" target=\"_blank\" rel=\"noopener noreferrer\">hier<\/a> zur Verf\u00fcgung.<\/p>\n<h4>Die DVD<\/h4>\n<p>Die DVD zum Buch enth\u00e4lt als digitales Reprint hochaufl\u00f6sende Scans eines von der Wiener Neust\u00e4dter Lokomotivfabrik um 1898 herausgegebenen Bandes mit Werkzeichnungen und technischen Daten der zwischen 1875 und 1898 produzierten Lokomotivtypen (153 Blatt) sowie gleichartiges Material der zuvor von G\u00fcnther in Wiener Neustadt gebauten Maschinen (28 Blatt). Diese von Hand gezeichneten Grafiken auf altem gelben Papier strahlen f\u00fcr den Betrachter von heute eine eigent\u00fcmliche \u00c4sthetik aus, ja man kann ihnen durchaus einen ganz eigenen k\u00fcnstlerischen Wert beimessen. Die dieser digitalen Reproduktion zugrunde liegende Ausgabe stammt aus dem Nachlass des bekannten Lokomotivhistorikers Bernhard Schmeiser, dessen umfangreiche Lokomotivlisten eine der Recherchegrundlagen des Buches sind. Unabh\u00e4ngig von Ihrem installierten Betriebssystem sind die Inhalte der DVD \u201eDie Lokomotivfabriken des Georg Sigl\u201c denkbar einfach auf jedem Computer mit DVD-Laufwerk darstellbar: Klicken Sie auf die Datei start.html und das Navigationsmen\u00fc wird im Webbrowser ge\u00f6ffnet. Sie k\u00f6nnen die Inhalte nun wie auf einer Internetseite abrufen. Es ist keine Installation zus\u00e4tzlicher Software notwendig. Die DVD ist zum Preis von EUR 19,90 hier online zu bestellen oder bei unseren Vertriebspartnern im Buchhandel erh\u00e4ltlich.<\/p>\n<p>&nbsp;<\/p>\n<p><iframe scrolling=no width=\"100%\" onload=\"this.style.height=this.contentDocument.body.scrollHeight +'px';\" src=\"https:\/\/www.bahnmedien.at\/new_2017-08-09\/anhang.html\" seamless><\/iframe><\/p>\n","protected":false},"excerpt":{"rendered":"<p><strong>DVD zu:<\/strong> Die Lokomotivfabriken des Georg Sigl in Wien und Wiener Neustadt <strong>Autoren:<\/strong> S\u00e1ndor T\u00f3th, Gy\u00f6rgy Vill\u00e1nyi, Attila Kirchner<\/p>\n<p>Erscheinungsjahr: 2016<\/p>\n","protected":false},"featured_media":186,"template":"","meta":{"_acf_changed":false,"kt_blocks_editor_width":""},"product_brand":[],"product_cat":[27,24],"product_tag":[],"class_list":{"0":"post-187","1":"product","2":"type-product","3":"status-publish","4":"has-post-thumbnail","6":"product_cat-dvd","7":"product_cat-fahrzeuggeschichte","9":"first","10":"instock","11":"taxable","12":"shipping-taxable","13":"purchasable","14":"product-type-simple"},"acf":[],"post_mailing_queue_ids":[],"_links":{"self":[{"href":"https:\/\/www.bahnmedien.at\/new_2017-08-09\/wp-json\/wp\/v2\/product\/187","targetHints":{"allow":["GET"]}}],"collection":[{"href":"https:\/\/www.bahnmedien.at\/new_2017-08-09\/wp-json\/wp\/v2\/product"}],"about":[{"href":"https:\/\/www.bahnmedien.at\/new_2017-08-09\/wp-json\/wp\/v2\/types\/product"}],"wp:featuredmedia":[{"embeddable":true,"href":"https:\/\/www.bahnmedien.at\/new_2017-08-09\/wp-json\/wp\/v2\/media\/186"}],"wp:attachment":[{"href":"https:\/\/www.bahnmedien.at\/new_2017-08-09\/wp-json\/wp\/v2\/media?parent=187"}],"wp:term":[{"taxonomy":"product_brand","embeddable":true,"href":"https:\/\/www.bahnmedien.at\/new_2017-08-09\/wp-json\/wp\/v2\/product_brand?post=187"},{"taxonomy":"product_cat","embeddable":true,"href":"https:\/\/www.bahnmedien.at\/new_2017-08-09\/wp-json\/wp\/v2\/product_cat?post=187"},{"taxonomy":"product_tag","embeddable":true,"href":"https:\/\/www.bahnmedien.at\/new_2017-08-09\/wp-json\/wp\/v2\/product_tag?post=187"}],"curies":[{"name":"wp","href":"https:\/\/api.w.org\/{rel}","templated":true}]}}