{"id":17036,"date":"2024-01-03T07:50:11","date_gmt":"2024-01-03T06:50:11","guid":{"rendered":"https:\/\/www.bahnmedien.at\/new_2017-08-09\/?post_type=product&#038;p=17036"},"modified":"2026-01-05T18:42:22","modified_gmt":"2026-01-05T17:42:22","slug":"strassenbahn-lemberg","status":"publish","type":"product","link":"https:\/\/www.bahnmedien.at\/new_2017-08-09\/produkt\/strassenbahn-lemberg\/","title":{"rendered":"Stra\u00dfenbahn Lemberg"},"content":{"rendered":"<p>Die alt\u00f6sterreichische Stadt Lemberg geh\u00f6rte bis 1918 als Landeshauptstadt von Galizien zur Donaumonarchie und war deren viertgr\u00f6\u00dfte Stadt. Nach einer sehr wechselvollen Geschichte im 20. Jahrhundert hei\u00dft die Stadt heute Lviv (\u041b\u044c\u0432\u0456\u0432) und liegt im Westen der unabh\u00e4ngigen Ukraine. Im Stadtzentrum ist das alt\u00f6sterreichische Stadtbild bis heute sehr gut erhalten. Ab 1880 verkehrte als erstes leistungsf\u00e4higes \u00f6ffentliches Verkehrsmittel eine normalspurige Pferdetramway. Eine in den sp\u00e4ten 1880er Jahren geplante Dampftramway wurde im Gegensatz zu anderen St\u00e4dten nicht verwirklicht. Verkehrsgeschichtlich ist besonders bemerkenswert, dass in Lemberg dann bereits ab 1894 \u2013 also drei Jahre fr\u00fcher als in Wien \u2013 eine elektrische Stra\u00dfenbahn (in Meterspur) fuhr. Im Wagenpark kamen anf\u00e4nglich Fahrzeuge aus polnischer Produktion zum Einsatz, die ab den 1950er Jahren schrittweise durch Neubauwagen, zun\u00e4chst haupts\u00e4chlich aus DDR- und sp\u00e4ter CSSR-Produktion (Tatra), ersetzt wurden. Heute wird der Planbetrieb mit Tatra-Kurzgelenkwagen KT4 und einer kleinen Anzahl von neuen Niederflur-Gelenkwagen des Typs \u201eElectron\u201c aus ukrainischer Produktion (Elektrotrans\/Lviv) abgewickelt. Lemberg besitzt heute ein 37 km langes Stra\u00dfenbahnnetz, auf dem rund zehn Linien verkehren.<\/p>\n<p>144 Seiten im Format 240 x 205 mm enthalten 119 SW- und Farbaufnahmen.<\/p>\n<p>Dieses Buch wurde <a href=\"https:\/\/fpm.climatepartner.com\/tracking\/11066-2310-1003\/de\">klimaneutral produziert<\/a>.<\/p>\n<p><iframe scrolling=no width=\"100%\" onload=\"this.style.height=this.contentDocument.body.scrollHeight +'px';\" src=\"https:\/\/www.bahnmedien.at\/new_2017-08-09\/anhang.html\" seamless><\/iframe><\/p>\n","protected":false},"excerpt":{"rendered":"<p>Erscheinungsjahr: 2024<\/p>\n<p><strong>Autoren:<\/strong> Bernhard Duschek, Rudolf Koller<\/p>\n","protected":false},"featured_media":17109,"template":"","meta":{"_acf_changed":false,"kt_blocks_editor_width":""},"product_brand":[],"product_cat":[29,25],"product_tag":[],"class_list":{"0":"post-17036","1":"product","2":"type-product","3":"status-publish","4":"has-post-thumbnail","6":"product_cat-bildband","7":"product_cat-strassenbahn","9":"first","10":"instock","11":"taxable","12":"shipping-taxable","13":"purchasable","14":"product-type-simple"},"acf":[],"post_mailing_queue_ids":[],"_links":{"self":[{"href":"https:\/\/www.bahnmedien.at\/new_2017-08-09\/wp-json\/wp\/v2\/product\/17036","targetHints":{"allow":["GET"]}}],"collection":[{"href":"https:\/\/www.bahnmedien.at\/new_2017-08-09\/wp-json\/wp\/v2\/product"}],"about":[{"href":"https:\/\/www.bahnmedien.at\/new_2017-08-09\/wp-json\/wp\/v2\/types\/product"}],"wp:featuredmedia":[{"embeddable":true,"href":"https:\/\/www.bahnmedien.at\/new_2017-08-09\/wp-json\/wp\/v2\/media\/17109"}],"wp:attachment":[{"href":"https:\/\/www.bahnmedien.at\/new_2017-08-09\/wp-json\/wp\/v2\/media?parent=17036"}],"wp:term":[{"taxonomy":"product_brand","embeddable":true,"href":"https:\/\/www.bahnmedien.at\/new_2017-08-09\/wp-json\/wp\/v2\/product_brand?post=17036"},{"taxonomy":"product_cat","embeddable":true,"href":"https:\/\/www.bahnmedien.at\/new_2017-08-09\/wp-json\/wp\/v2\/product_cat?post=17036"},{"taxonomy":"product_tag","embeddable":true,"href":"https:\/\/www.bahnmedien.at\/new_2017-08-09\/wp-json\/wp\/v2\/product_tag?post=17036"}],"curies":[{"name":"wp","href":"https:\/\/api.w.org\/{rel}","templated":true}]}}

Straßenbahn Lemberg

<p>Die altösterreichische Stadt Lemberg gehörte bis 1918 als Landeshauptstadt von Galizien zur Donaumonarchie und war deren viertgrößte Stadt. Nach einer sehr wechselvollen Geschichte im 20. Jahrhundert heißt die Stadt heute Lviv (Львів) und liegt im Westen der unabhängigen Ukraine. Im Stadtzentrum ist das altösterreichische Stadtbild bis heute sehr gut erhalten. Ab 1880 verkehrte als erstes leistungsfähiges öffentliches Verkehrsmittel eine normalspurige Pferdetramway. Eine in den späten 1880er Jahren geplante Dampftramway wurde im Gegensatz zu anderen Städten nicht verwirklicht. Verkehrsgeschichtlich ist besonders bemerkenswert, dass in Lemberg dann bereits ab 1894 – also drei Jahre früher als in Wien – eine elektrische Straßenbahn (in Meterspur) fuhr. Im Wagenpark kamen anfänglich Fahrzeuge aus polnischer Produktion zum Einsatz, die ab den 1950er Jahren schrittweise durch Neubauwagen, zunächst hauptsächlich aus DDR- und später CSSR-Produktion (Tatra), ersetzt wurden. Heute wird der Planbetrieb mit Tatra-Kurzgelenkwagen KT4 und einer kleinen Anzahl von neuen Niederflur-Gelenkwagen des Typs „Electron“ aus ukrainischer Produktion (Elektrotrans/Lviv) abgewickelt. Lemberg besitzt heute ein 37 km langes Straßenbahnnetz, auf dem rund zehn Linien verkehren.</p>
<p>144 Seiten im Format 240 x 205 mm enthalten 119 SW- und Farbaufnahmen.</p>
<p>Dieses Buch wurde <a href="https://fpm.climatepartner.com/tracking/11066-2310-1003/de">klimaneutral produziert</a>.</p>
<p><iframe scrolling=no width="100%" onload="this.style.height=this.contentDocument.body.scrollHeight +'px';" src="https://www.bahnmedien.at/new_2017-08-09/anhang.html" seamless></iframe></p>
