{"id":168,"date":"2017-08-10T11:34:58","date_gmt":"2017-08-10T09:34:58","guid":{"rendered":"http:\/\/www.bahnmedien.at\/new_2017-08-09\/?post_type=product&#038;p=168"},"modified":"2025-04-27T10:47:49","modified_gmt":"2025-04-27T08:47:49","slug":"wertpapiere-oesterreichischer-eisenbahnen-teil-1","status":"publish","type":"product","link":"https:\/\/www.bahnmedien.at\/new_2017-08-09\/produkt\/wertpapiere-oesterreichischer-eisenbahnen-teil-1\/","title":{"rendered":"Wertpapiere \u00f6sterreichischer Eisenbahnen, Teil 1"},"content":{"rendered":"<h4>Das Thema<\/h4>\n<p>Die Faszination des Eisenbahnwesens ist seit der Pionierzeit der st\u00e4hlernen Wege erlebbar. Geschichten und Geschichte rund um Rad und Schiene finden in jeder nur vorstellbaren Facette ihre Interessenten. Demgem\u00e4\u00df wurden \u00fcber Bahnen schon tausende B\u00fccher geschrieben: \u00dcber ihren Bau, \u00fcber den Betrieb, ihre Geschichte, besonders viele \u00fcber Lokomotiven &#8211; aber nur wenige \u00fcber wirtschaftliche Aspekte oder Finanzierung. Der bekannte Fachautor Dieter Geerkens f\u00fchrt den Leser in eine Zeit, in der der l\u00e4ndliche Raum noch vor seiner Erschlie\u00dfung durch &#8218;moderne Verkehrsanlagen&#8216; stand. Dabei trifft in diesem Band die Kulturgeschichte des Kapitals mit der Kunstgeschichte des Wertpapierdrucks im Fokus der Lokalbahnen aufeinander.<\/p>\n<p>Eisenbahnbauten erforderten damals wie heute gewaltige Mittel und konnten daher entweder nur vom Staat oder von kapitalkr\u00e4ftigen Finanziers getragen werden. Der Staat konnte und wollte die Mittel f\u00fcr ein fl\u00e4chendeckendes Eisenbahnnetz im gro\u00dfen Reich \u00d6sterreich-Ungarn nicht aufbringen. Wollte eine Region den Anschluss &#8218;an die gro\u00dfe und weite Welt&#8216;, galt es im Erschlie\u00dfungsraum Kapital aufzubringen, eine Aktiengesellschaft zu gr\u00fcnden und vom Staat eine sogenannte Konzession zu erhalten. Diese enthielt zahlreiche, meist standardisierte Vereinbarungen zwischen der Aktiengesellschaft und dem Staat. Sie reichten von der Erlaubnis der Stra\u00dfenmitben\u00fctzung f\u00fcr den Trassenbau bis hin zu Tarifregelungen f\u00fcr Milit\u00e4rtransporte. Kapitalgeber waren h\u00e4ufig lokale Gro\u00dfgrundbesitzer, manchmal Industrielle, oft auch Gewerbetreibende, Bauern, \u00c4rzte und Rechtsanw\u00e4lte und nat\u00fcrlich die betroffenen Gemeinden.<\/p>\n<p>&nbsp;<\/p>\n<h4>Das Werk<\/h4>\n<p>Immer eng an den Originalquellen, darunter den Reichsgesetzbl\u00e4ttern, Urkunden und Fotografien, erforschte Geerkens solche nur selten hinterfragten Hintergr\u00fcnde aus der Gr\u00fcnderzeit des Eisenbahnwesens. Das Buch umfasst im Teil 1 von der Bahn Absdorf &#8211; Stockerau bis zur Zugspitzbahn die \u00f6sterreichischen Lokalbahnen in der Unternehmensform der Aktiengesellschaft. In Teil 2 behandelt Geerkens jene Lokalbahnen die au\u00dferhalb der heutigen Republik \u00d6sterreich lagen bzw. liegen.<\/p>\n<p>Die reiche Ausstattung mit vielen farbigen Reproduktionen historischer Wertpapiere und zahlreiche teilweise unver\u00f6ffentlichten Fotos der Strecken macht dieses Werk nicht nur zu einer Informationsquelle, sondern auch zu einem einzigartigen Bildband. Geerkens gelang es, viele, meist bekannte, Sammler dazu zu gewinnen, wertvolle Illustrationen f\u00fcr diese Publikation zur Verf\u00fcgung zu stellen.<\/p>\n<p>Ein Register mit allen behandelten Lokalbahnstrecken erleichtert die Handhabung dieses umfangreichen Werkes.<\/p>\n<p>Von anderen Ver\u00f6ffentlichungen im Bereich der Eisenbahnb\u00fccher unterscheidet sich \u201eWertpapiere \u00f6sterreichischer Eisenbahnen. Teil 1: Lokalbahnen im heutigen \u00d6sterreich\u201d unter anderem dadurch, dass praktisch alle Wertpapiere \u00f6sterreichischer Lokalbahnen visuell gezeigt werden. Eine weitere Besonderheit ist, dass die gezeigten Wertpapiere mit wichtigen Daten f\u00fcr Sammler aufbereitet werden. Mehr als 100 Lokalbahnen auf \u00fcber 300 Seiten mit \u00fcber 400 Wertpapieren, die \u00fcbersichtlich und gro\u00dfformatig gezeigt werden. Darunter einzigartig attraktive und museale Objekte. Der zweite Teil weist eine gleichartige Ausstattung auf.<\/p>\n<p>Die bereits erschienenen B\u00e4nde des Autors, \u201e\u00d6sterreichische Bankaktien\u201d und \u201eUngarische Lokalbahnaktien\u201d, sind mittlerweile unverzichtbarer Teil jeder Sammlung von historischen Wertpapieren geworden. Eine lange geplante Fortsetzung dieser Serie mit den \u00fcbrigen Lokalbahnen der k. k. Monarchie ist nun erschienen.<\/p>\n<p><iframe scrolling=no width=\"100%\" onload=\"this.style.height=this.contentDocument.body.scrollHeight +'px';\" src=\"https:\/\/www.bahnmedien.at\/new_2017-08-09\/anhang.html\" seamless><\/iframe><\/p>\n","protected":false},"excerpt":{"rendered":"<p>Teil 1: Lokalbahnen im heutigen \u00d6sterreich<br \/>\nTeil 2: \u00d6sterreichisch-Ungarische Lokalbahnen<\/p>\n<p>Erscheinungsjahr: 2009<\/p>\n<p><strong>Autor:<\/strong> Dieter Geerkens<\/p>\n","protected":false},"featured_media":169,"template":"","meta":{"_acf_changed":false,"kt_blocks_editor_width":""},"product_brand":[],"product_cat":[28],"product_tag":[],"class_list":{"0":"post-168","1":"product","2":"type-product","3":"status-publish","4":"has-post-thumbnail","6":"product_cat-sonstiges","8":"first","9":"instock","10":"taxable","11":"shipping-taxable","12":"purchasable","13":"product-type-simple"},"acf":[],"post_mailing_queue_ids":[],"_links":{"self":[{"href":"https:\/\/www.bahnmedien.at\/new_2017-08-09\/wp-json\/wp\/v2\/product\/168","targetHints":{"allow":["GET"]}}],"collection":[{"href":"https:\/\/www.bahnmedien.at\/new_2017-08-09\/wp-json\/wp\/v2\/product"}],"about":[{"href":"https:\/\/www.bahnmedien.at\/new_2017-08-09\/wp-json\/wp\/v2\/types\/product"}],"wp:featuredmedia":[{"embeddable":true,"href":"https:\/\/www.bahnmedien.at\/new_2017-08-09\/wp-json\/wp\/v2\/media\/169"}],"wp:attachment":[{"href":"https:\/\/www.bahnmedien.at\/new_2017-08-09\/wp-json\/wp\/v2\/media?parent=168"}],"wp:term":[{"taxonomy":"product_brand","embeddable":true,"href":"https:\/\/www.bahnmedien.at\/new_2017-08-09\/wp-json\/wp\/v2\/product_brand?post=168"},{"taxonomy":"product_cat","embeddable":true,"href":"https:\/\/www.bahnmedien.at\/new_2017-08-09\/wp-json\/wp\/v2\/product_cat?post=168"},{"taxonomy":"product_tag","embeddable":true,"href":"https:\/\/www.bahnmedien.at\/new_2017-08-09\/wp-json\/wp\/v2\/product_tag?post=168"}],"curies":[{"name":"wp","href":"https:\/\/api.w.org\/{rel}","templated":true}]}}