{"id":11645,"date":"2023-01-15T13:25:22","date_gmt":"2023-01-15T12:25:22","guid":{"rendered":"https:\/\/www.bahnmedien.at\/new_2017-08-09\/?post_type=product&#038;p=11645"},"modified":"2026-01-05T18:42:22","modified_gmt":"2026-01-05T17:42:22","slug":"nonstalbahn","status":"publish","type":"product","link":"https:\/\/www.bahnmedien.at\/new_2017-08-09\/produkt\/nonstalbahn\/","title":{"rendered":"Nonstalbahn"},"content":{"rendered":"<p>Die in der norditalienische Provinz Trentino gelegene Schmalspurbahn Trento\/Trient \u2013 Mal\u00e8 \u2013 Mezzana (auf Deutsch auch Nonstalbahn genannt) hat im Gegensatz zu vielen anderen Schmalspurbahnen Italiens eine bemerkenswert positive Entwicklung hinter sich, die auch heute noch weiter anh\u00e4lt. Sie wurde noch in der Zeit der \u00f6sterreichisch-ungarischen Monarchie 1909 als elektrische Lokalbahn mit dem Charakter einer \u00dcberlandstra\u00dfenbahn er\u00f6ffnet. Nach schweren Besch\u00e4digungen w\u00e4hrend des Zweiten Weltkrieges wurde sie nicht \u2013 wie viele andere Bahnstrecken auch \u2013 eingestellt, sondern im Gegenteil mit wesentlichen Verbesserungen wieder aufgebaut. 1964 wurden die Fahrzeuge aus der Anfangszeit durch neue Triebwagen ersetzt, wodurch die Fahrzeit wesentlich verk\u00fcrzt und die Attraktivit\u00e4t der Bahn deutlich gesteigert werden konnte. Die Modernisierung der Bahn wurde dann auch in den folgenden Jahrzehnten durch weitere Fahrzeugbeschaffungen und Streckenausbauma\u00dfnahmen kontinuierlich weiter fortgef\u00fchrt. Seit 2016 f\u00e4hrt die FTM nun bis Mezzana, eine weitere Verl\u00e4ngerung ist in Planung.<\/p>\n<p>96 Seiten im Format 240 x 205 mm enthalten 87 Farb- und SW-Aufnahmen sowie eine Karte.<\/p>\n<p>Dieses Buch wurde <a href=\"https:\/\/fpm.climatepartner.com\/tracking\/11066-2302-1002\/de\">klimaneutral produziert<\/a>.<\/p>\n<p><iframe scrolling=no width=\"100%\" onload=\"this.style.height=this.contentDocument.body.scrollHeight +'px';\" src=\"https:\/\/www.bahnmedien.at\/new_2017-08-09\/anhang.html\" seamless><\/iframe><\/p>\n","protected":false},"excerpt":{"rendered":"<p>Erscheinungsjahr: 2023<\/p>\n<p><strong>Autor:<\/strong> Rudolf Koller<\/p>\n","protected":false},"featured_media":14357,"template":"","meta":{"_acf_changed":false,"kt_blocks_editor_width":""},"product_brand":[],"product_cat":[29,26],"product_tag":[],"class_list":{"0":"post-11645","1":"product","2":"type-product","3":"status-publish","4":"has-post-thumbnail","6":"product_cat-bildband","7":"product_cat-streckenbiografie","9":"first","10":"instock","11":"taxable","12":"shipping-taxable","13":"purchasable","14":"product-type-simple"},"acf":[],"post_mailing_queue_ids":[],"_links":{"self":[{"href":"https:\/\/www.bahnmedien.at\/new_2017-08-09\/wp-json\/wp\/v2\/product\/11645","targetHints":{"allow":["GET"]}}],"collection":[{"href":"https:\/\/www.bahnmedien.at\/new_2017-08-09\/wp-json\/wp\/v2\/product"}],"about":[{"href":"https:\/\/www.bahnmedien.at\/new_2017-08-09\/wp-json\/wp\/v2\/types\/product"}],"wp:featuredmedia":[{"embeddable":true,"href":"https:\/\/www.bahnmedien.at\/new_2017-08-09\/wp-json\/wp\/v2\/media\/14357"}],"wp:attachment":[{"href":"https:\/\/www.bahnmedien.at\/new_2017-08-09\/wp-json\/wp\/v2\/media?parent=11645"}],"wp:term":[{"taxonomy":"product_brand","embeddable":true,"href":"https:\/\/www.bahnmedien.at\/new_2017-08-09\/wp-json\/wp\/v2\/product_brand?post=11645"},{"taxonomy":"product_cat","embeddable":true,"href":"https:\/\/www.bahnmedien.at\/new_2017-08-09\/wp-json\/wp\/v2\/product_cat?post=11645"},{"taxonomy":"product_tag","embeddable":true,"href":"https:\/\/www.bahnmedien.at\/new_2017-08-09\/wp-json\/wp\/v2\/product_tag?post=11645"}],"curies":[{"name":"wp","href":"https:\/\/api.w.org\/{rel}","templated":true}]}}