{"id":2858,"date":"2018-07-12T08:53:18","date_gmt":"2018-07-12T06:53:18","guid":{"rendered":"http:\/\/www.bahnmedien.at\/new_2017-08-09\/?page_id=2858"},"modified":"2019-11-25T14:59:48","modified_gmt":"2019-11-25T13:59:48","slug":"ludwig-zwickl","status":"publish","type":"page","link":"https:\/\/www.bahnmedien.at\/new_2017-08-09\/unsere-autoren\/ludwig-zwickl\/","title":{"rendered":"Ludwig Zwickl"},"content":{"rendered":"<p><span style=\"font-family: Calibri;\"><span style=\"font-size: medium;\">Ludwig Zwickl, geboren 1956, war hauptberuflich Beamter im Bundesministerium f\u00fcr Inneres. Sein privates Interesse gilt neben der Musik der Eisenbahn in verschiedenen Formen und auch der Geschichte des Burgenlandes. In verschiedenen Gemeinden rund um den Neusiedlersee aufgewachsen, galt seine spezielle Vorliebe der Neusiedlerseebahn und der GySEV. \u00dcber die Modelleisenbahn kam er zur Geschichte der Bahn und war bei den Gr\u00fcndern von bahnmedien.at dabei. Neben dem Schreiben von B\u00fcchern und Artikeln zur allgemeinen Geschichte und der der GySEV ist er der Nachfolger von Dieter Zoubek als Gesch\u00e4ftsf\u00fchrer und mit verschiedenen Belangen von bahnmedien.at besch\u00e4ftigt. <\/span><\/span><\/p>\n","protected":false},"excerpt":{"rendered":"<p>Ludwig Zwickl, geboren 1956, war hauptberuflich Beamter im Bundesministerium f\u00fcr Inneres. Sein privates Interesse gilt neben der Musik der Eisenbahn in verschiedenen Formen und auch der Geschichte des Burgenlandes. In verschiedenen Gemeinden rund um den Neusiedlersee aufgewachsen, galt seine spezielle &hellip; <a href=\"https:\/\/www.bahnmedien.at\/new_2017-08-09\/unsere-autoren\/ludwig-zwickl\/\">Weiter<\/a><\/p>\n","protected":false},"author":1,"featured_media":0,"parent":1476,"menu_order":0,"comment_status":"closed","ping_status":"closed","template":"page-fullwidth.php","meta":{"_acf_changed":false,"kt_blocks_editor_width":"","footnotes":""},"class_list":["post-2858","page","type-page","status-publish","hentry"],"acf":[],"post_mailing_queue_ids":[],"_links":{"self":[{"href":"https:\/\/www.bahnmedien.at\/new_2017-08-09\/wp-json\/wp\/v2\/pages\/2858","targetHints":{"allow":["GET"]}}],"collection":[{"href":"https:\/\/www.bahnmedien.at\/new_2017-08-09\/wp-json\/wp\/v2\/pages"}],"about":[{"href":"https:\/\/www.bahnmedien.at\/new_2017-08-09\/wp-json\/wp\/v2\/types\/page"}],"author":[{"embeddable":true,"href":"https:\/\/www.bahnmedien.at\/new_2017-08-09\/wp-json\/wp\/v2\/users\/1"}],"replies":[{"embeddable":true,"href":"https:\/\/www.bahnmedien.at\/new_2017-08-09\/wp-json\/wp\/v2\/comments?post=2858"}],"version-history":[{"count":1,"href":"https:\/\/www.bahnmedien.at\/new_2017-08-09\/wp-json\/wp\/v2\/pages\/2858\/revisions"}],"predecessor-version":[{"id":2859,"href":"https:\/\/www.bahnmedien.at\/new_2017-08-09\/wp-json\/wp\/v2\/pages\/2858\/revisions\/2859"}],"up":[{"embeddable":true,"href":"https:\/\/www.bahnmedien.at\/new_2017-08-09\/wp-json\/wp\/v2\/pages\/1476"}],"wp:attachment":[{"href":"https:\/\/www.bahnmedien.at\/new_2017-08-09\/wp-json\/wp\/v2\/media?parent=2858"}],"curies":[{"name":"wp","href":"https:\/\/api.w.org\/{rel}","templated":true}]}}